33
List the prime factors of 405653.
233, 1741
List the prime factors of 23570256.
2, 3, 569, 863
What are the prime factors of 163641?
3, 54547
List the prime factors of 731315.
5, 13, 11251
What are the prime factors of 1722459?
3, 113, 5081
What are the prime factors of 731780?
2, 5, 7, 5227
List the prime factors of 8988412.
2, 2247103
List the prime factors of 325864.
2, 7, 11, 23
What are the prime factors of 1574836?
2, 393709
List the prime factors of 7689787.
7, 1098541
List the prime factors of 263299.
251, 1049
List the prime factors of 14695672.
2, 1836959
List the prime factors of 3466327.
31, 3607
List the prime factors of 222694.
2, 111347
List the prime factors of 935917.
29, 59, 547
List the prime factors of 118841.
23, 5167
What are the prime factors of 6552399?
3, 7, 67, 4657
What are the prime factors of 818108?
2, 17, 53, 227
List the prime factors of 4178338.
2, 2089169
What are the prime factors of 170668?
2, 42667
What are the prime factors of 13168884?
2, 3, 127, 8641
What are the prime factors of 711125?
5, 5689
List the prime factors of 19729.
109, 181
What are the prime factors of 5951148?
2, 3, 7, 29, 349
What are the prime factors of 647450?
2, 5, 23, 563
What are the prime factors of 14303193?
3, 59, 80809
List the prime factors of 215551.
7, 53, 83
List the prime factors of 3132991.
23, 136217
List the prime factors of 31278148.
2, 11, 710867
What are the prime factors of 2006?
2, 17, 59
What are the prime factors of 248846?
2, 13, 17, 563
What are the prime factors of 12549126?
2, 3, 2091521
What are the prime factors of 150282?
2, 3, 11, 23
What are the prime factors of 2133690?
2, 3, 5, 13, 5471
List the prime factors of 1975688.
2, 11, 13, 157
List the prime factors of 7115976.
2, 3, 7, 2017
List the prime factors of 260465.
5, 113, 461
List the prime factors of 151163.
151163
What are the prime factors of 1022791?
7, 11, 37, 359
List the prime factors of 18126.
2, 3, 19, 53
What are the prime factors of 304029?
3, 11, 37, 83
List the prime factors of 10727570.
2, 5, 7, 21893
List the prime factors of 9270013.
1049, 8837
What are the prime factors of 254088?
2, 3, 3529
What are the prime factors of 543534?
2, 3, 157, 577
List the prime factors of 435691.
293, 1487
What are the prime factors of 597543?
3, 199181
List the prime factors of 1048962.
2, 3, 79, 2213
What are the prime factors of 11226621?
3, 7, 534601
List the prime factors of 2836045.
5, 567209
What are the prime factors of 776400?
2, 3, 5, 647
List the prime factors of 341343.
3, 17, 23, 97
List the prime factors of 4916828.
2, 7, 175601
List the prime factors of 16610737.
11, 13, 116159
List the prime factors of 3716054.
2, 607, 3061
What are the prime factors of 571206?
2, 3, 31, 37, 83
What are the prime factors of 170017?
17, 73, 137
List the prime factors of 1599301.
11, 145391
What are the prime factors of 200268?
2, 3, 5563
List the prime factors of 792907.
792907
What are the prime factors of 659220?
2, 3, 5, 10987
What are the prime factors of 424993?
113, 3761
What are the prime factors of 633964?
2, 17, 9323
What are the prime factors of 787231?
521, 1511
What are the prime factors of 1071377?
1071377
What are the prime factors of 82157?
29, 2833
What are the prime factors of 7974218?
2, 7, 281, 2027
List the prime factors of 604549.
11, 54959
List the prime factors of 703837.
703837
List the prime factors of 17113.
109, 157
List the prime factors of 588501.
3, 23, 2843
List the prime factors of 174295.
5, 11, 3169
List the prime factors of 16726233.
3, 821, 6791
What are the prime factors of 1621073?
83, 19531
List the prime factors of 98074.
2, 49037
What are the prime factors of 1202392?
2, 150299
What are the prime factors of 42427?
7, 11, 19, 29
List the prime factors of 599450.
2, 5, 19, 631
What are the prime factors of 1050279?
3, 350093
List the prime factors of 974624.
2, 7, 19, 229
List the prime factors of 7203175.
5, 7, 41161
List the prime factors of 2611654.
2, 61, 21407
What are the prime factors of 250889?
250889
List the prime factors of 499464.
2, 3, 7, 991
List the prime factors of 272868.
2, 3, 22739
What are the prime factors of 3193692?
2, 3, 37, 7193
What are the prime factors of 2047856?
2, 149, 859
List the prime factors of 16855.
5, 3371
What are the prime factors of 1354375?
5, 11, 197
List the prime factors of 7179532.
2, 47, 38189
What are the prime factors of 309569?
13, 23813
List the prime factors of 256149.
3, 53, 179
What are the prime factors of 114205?
5, 7, 13, 251
What are the prime factors of 303688?
2, 7, 11, 17, 29
List the prime factors of 3769041.
3, 1256347
What are the prime factors of 146862?
2, 3, 41, 199
List the prime factors of 7835453.
17, 37, 12457
List the prime factors of 2448939.
3, 307, 2659
What are the prime factors of 4556105?
5, 19, 199, 241
What are the prime factors of 197089?
197089
List the prime factors of 2157090.
2, 3, 5, 13, 5531
What are the prime factors of 385060?
2, 5, 13, 1481
What are the prime factors of 2201890?
2, 5, 220189
List the prime factors of 340753.
7, 48679
List the prime factors of 523519.
523519
What are the prime factors of 318502?
2, 163, 977
List the prime factors of 1135981.
7, 11, 14753
What are the prime factors of 95138?
2, 47569
What are the prime factors of 228122?
2, 167, 683
What are the prime factors of 15817788?
2, 3, 7, 61
What are the prime factors of 55542?
2, 3, 9257
List the prime factors of 62955.
3, 5, 1399
What are the prime factors of 1365340?
2, 5, 19, 3593
What are the prime factors of 2550422?
2, 7, 67, 2719
List the prime factors of 2157632.
2, 33713
What are the prime factors of 11637944?
2, 1454743
List the prime factors of 246667.
31, 73, 109
List the prime factors of 1306141.
449, 2909
List the prime factors of 199831.
199831
What are the prime factors of 29423751?
3, 7, 1401131
List the prime factors of 25853867.
13, 1988759
What are the prime factors of 1992828?
2, 3, 71, 2339
What are the prime factors of 30026318?
2, 7, 17, 67, 269
List the prime factors of 7175551.
7175551
What are the prime factors of 747407?
747407
What are the prime factors of 244941?
3, 81647
List the prime factors of 5606.
2, 2803
List the prime factors of 2339483.
443, 5281
What are the prime factors of 67861?
79, 859
What are the prime factors of 253988?
2, 7, 47, 193
What are the prime factors of 2740010?
2, 5, 7, 13, 3011
List the prime factors of 6954439.
6954439
What are the prime factors of 292115?
5, 37, 1579
List the prime factors of 2095939.
37, 1531
List the prime factors of 1118562.
2, 3, 41, 4547
List the prime factors of 1269345.
3, 5, 7, 11, 157
List the prime factors of 27912.
2, 3, 1163
List the prime factors of 1542959.
11, 140269
What are the prime factors of 7595413?
7, 17, 83, 769
What are the prime factors of 898187?
19, 41, 1153
What are the prime factors of 3614267?
3614267
What are the prime factors of 656432?
2, 7, 5861
List the prime factors of 356620.
2, 5, 11, 1621
List the prime factors of 1246756.
2, 7, 6361
What are the prime factors of 2921170?
2, 5, 7, 29, 1439
What are the prime factors of 8931247?
13, 687019
List the prime factors of 3080994.
2, 3, 7, 109, 673
List the prime factors of 124363.
124363
What are the prime factors of 942661?
942661
What are the prime factors of 7186094?
2, 3593047
What are the prime factors of 2750183?
1489, 1847
List the prime factors of 30122.
2, 15061
List the prime factors of 19175436.
2, 3, 7, 47, 1619
List the prime factors of 391642.
2, 59, 3319
List the prime factors of 296614.
2, 43, 3449
List the prime factors of 2104021.
2104021
List the prime factors of 1358743.
1358743
List the prime factors of 12220789.
7, 31, 199, 283
What are the prime factors of 5742076?
2, 1435519
List the prime factors of 116997.
3, 59, 661
What are the prime factors of 708793?
67, 71, 149
List the prime factors of 3456513.
3, 139, 307
What are the prime factors of 1601475?
3, 5, 131, 163
List the prime factors of 3976644.
2, 3, 7, 6763
List the prime factors of 9374075.
5, 257, 1459
What are the prime factors of 233746?
2, 73, 1601
List the prime factors of 160351.
41, 3911
What are the prime factors of 2450101?
223, 10987
List the prime factors of 18318095.
5, 17, 215507
List the prim